e remainder when 16 is divided by l?
4
Suppose 5*w + b - 1 = 21, 2 = b. Suppose 2*u + 50 = w*u. What is the remainder when u is divided by 9?
7
Suppose o + 5*u + 1 = 0, 23 = -22*o + 27*o - 3*u. Calculate the remainder when 187 is divided by o.
3
Suppose -31*b + 5315 = 1843. What is the remainder when b is divided by 45?
22
Suppose -5*g = 3*w - 681, -4*g + 241 = 4*w - 299. Calculate the remainder when g is divided by 4.
2
Suppose -17*c + 496 = 105. What is the remainder when c is divided by 14?
9
Let q = -83 - -139. Let g(p) = -6*p - 23. Calculate the remainder when q is divided by g(-7).
18
Let v = 688 + -1512. Calculate the remainder when ((-168)/105)/(v/410 - -2) is divided by 33.
32
Let z(k) = -5*k + 1. Let s be z(-1). Calculate the remainder when 46/3 + ((-2)/s)/1 is divided by 8.
7
Let s(y) = y**3 + 4*y**2 - 5*y + 1. Let w = -260 + 261. What is the remainder when s(-5) is divided by w?
0
Let t(o) = -o**3 + 2*o + 2. Let h be t(0). Suppose -a + 4*b - 6*b = -17, -a = -3*b - h. Calculate the remainder when 30 is divided by a.
8
Calculate the remainder when 170 is divided by (-4)/38 - 13/((-494)/1828).
26
Let d(v) be the third derivative of v**5/60 + v**4/6 + 13*v**3/3 + 2*v**2. Calculate the remainder when d(-9) is divided by 37.
34
Suppose 4 = -c, f - 3*c = -2*f + 24. Let g be 0 + (-1 - ((-1 - 0) + -35)). Suppose l + g = 6*l. What is the remainder when l is divided by f?
3
Suppose t + p + 7 = 0, -4*t + 0 + 2 = -2*p. Let k(v) = -5*v + 3. Calculate the remainder when 51 is divided by k(t).
12
Suppose -366 = -16*a + 10*a. Calculate the remainder when a is divided by 1 - (-15 + -3 - (-3)/1).
13
Let m(l) = l**3 + 91*l**2 - 581*l + 134. Suppose -5*d - x + 521 = 0, 0 = -3*d - 2*d - 2*x + 517. What is the remainder when d is divided by m(-97)?
31
Let y(s) = s**3 + s**2 - s - 2. Let n = -529 + 539. What is the remainder when n is divided by y(2)?
2
Let y be 41 + (4 - 3) - 3. Let z = y + -9. What is the remainder when 57 is divided by z?
27
Let r = 1106 + -969. What is the remainder when 821 is divided by r?
136
Let h = 1226 + -1118. Calculate the remainder when h is divided by 49.
10
Let b(y) = y**2 + 17*y + 5. Let o be b(-17). Suppose o*g + 26 = -3*u - 0*g, -5*u - 2 = -2*g. What is the remainder when 57 is divided by u*8/((-16)/15)?
12
Let y = 514 - 470. Let k(b) = 5*b - 2. Calculate the remainder when y is divided by k(5).
21
Suppose -11 - 25 = 6*l. Let d(v) = v**2 + 4*v + 2. Calculate the remainder when 25 is divided by d(l).
11
Let p(h) = -h**2 - 5*h + 2. Let x(z) = 4*z - 1. Let j(t) = -2*p(t) - 3*x(t). Let i(d) = d**2 - 11*d + 30. What is the remainder when i(10) is divided by j(-2)?
9
Calculate the remainder when (-1835)/(-11) - (-52)/286 is divided by 34.
31
Suppose 0 = -38*z + 3102 + 26386. Calculate the remainder when z is divided by 21.
20
Let y(h) = -27*h - 80. Suppose 0 = -2*n + 2*t + 26, 0*t + 1 = t. Calculate the remainder when y(-7) is divided by n.
11
Let r(n) = n**2 + n + 4. Let s be r(-3). Calculate the remainder when 186/s - 2/(-5) is divided by (-14)/(-3)*9/6.
5
Let b(x) = 8 + 5 + 19 - x + 1. Let o = 4 + 1. Calculate the remainder when b(15) is divided by o.
3
Let w(o) = o. Let y be w(5). Calculate the remainder when 153 is divided by (78/y + 0)*(-10)/(-4).
36
Suppose -2*s - 47 = -71. What is the remainder when 65 is divided by s?
5
Let g(b) = 73*b**2 - 45*b + 10. Let o be g(-9). Let w = 4 + 22. What is the remainder when o/126 - 2/9 is divided by w?
24
Let u = -17 - -101. Let p = 5501 - 5472. What is the remainder when u is divided by p?
26
Suppose -70*m + 68 = -68*m. What is the remainder when m is divided by 26?
8
Suppose 153*h = 176*h - 4922. What is the remainder when h is divided by 25?
14
Let c be 5*(-3)/(-4 - -1). Suppose -3*a + 0*a = x - 8, 0 = 5*a + c*x. Suppose j = -a*j + 120. What is the remainder when 69 is divided by j?
21
Suppose -3*l + 3*c = -18, 5*l = -20*c + 16*c + 66. Calculate the remainder when 117 is divided by l.
7
What is the remainder when 190 - (1 - (1 - 3)) is divided by 47?
46
Suppose -2*i - 5*t + 29 = 0, 0 = i + 2*t - 14. Suppose -98 = -4*z + 38. Suppose -s + 0*s = -z. Calculate the remainder when s is divided by i.
10
Suppose 1 = n, 3*n = -3*w - 9 + 30. What is the remainder when 39 is divided by w?
3
Let h = 39 - 35. Suppose h*s = 2*s + 18. Calculate the remainder when 35 is divided by s.
8
Suppose 5*v + 859 = 2*c, -3*v - 3*c - 452 - 76 = 0. Let z = 63 - v. Suppose -4*p = 4*m - z, 2*m + p + 34 = 155. Calculate the remainder when m is divided by 16.
14
Let d = 13 + 19. Suppose -36*q + 48 = -d*q. Calculate the remainder when q is divided by 7.
5
Suppose 0 = -7*u + 1925 + 1393. Suppose 4*w = u + 154. What is the remainder when w is divided by 16?
13
Let r = 50 - -78. Suppose 163 = 12*k + 152 - 145. Calculate the remainder when r is divided by k.
11
Calculate the remainder when ((-1)/(-2))/(10/26980) is divided by 50.
49
Let o(d) = -12*d**2 - 98*d - 5. Calculate the remainder when o(-8) is divided by 3/12 - (-30)/8.
3
Suppose 4*m + 4*k = 3*k + 9, m = -4*k - 9. Suppose 19 = -y + m. Let i = y - -31. What is the remainder when 28 is divided by i?
13
Suppose z - 126 = -5*b, 0 = -3*b + 5*z - z + 71. Suppose -20 - b = 5*l. Let p = l + 13. Calculate the remainder when 10 is divided by p.
2
Suppose -2*y + 3*y + 1 = 0. Let h be (2 - y)*(-10 + 7). What is the remainder when 103 is divided by -6*30/h - -1?
19
Suppose -2*r = 0, 10*b = 5*b - 5*r + 95. Let s be 4059/205 + (-1)/(-5). Let c = b + s. Calculate the remainder when c is divided by 21.
18
Suppose 0 = 17*k - 0*k - 595. Calculate the remainder when 139 is divided by k.
34
Let i(h) = 3*h - 5. Let d = -17 + 23. Calculate the remainder when i(d) is divided by 5.
3
Suppose 5*s + 2*j + 2*j - 528 = 0, j = 2*s - 219. Suppose 55 = s*y - 103*y. What is the remainder when 63 is divided by y?
8
Let k(p) = 14*p + p**2 - 14*p + 1. Let r be k(1). Suppose -6*t = -r*t - 76. Calculate the remainder when 74 is divided by t.
17
Let b(l) = -l + 31. What is the remainder when b(-28) is divided by -36*(28/(-6) + (-4)/(-1))?
11
Suppose 4*f - 639 = -5*t, -4*t + 5*t + 5*f - 111 = 0. What is the remainder when 147 is divided by t?
16
Let f = 41 - 39. Suppose -f*g = -6*g + 116. What is the remainder when g is divided by 16?
13
What is the remainder when 549 is divided by ((-112)/21 - -5)*-87?
27
Let f = 6 + -11. Let j be f*24/20*-1. Let x = j - 2. Calculate the remainder when 13 is divided by x.
1
Let q = -20 - -20. Calculate the remainder when 7 is divided by (-1 + q*(-3)/12)*-4.
3
Suppose g + w + 5 = 59, -w - 64 = -g. What is the remainder when g is divided by 4?
3
Suppose 17 = 6*f - 3*f - 2*l, 0 = f - l - 5. Calculate the remainder when f*(3 - -5) + 5 is divided by 16.
13
Suppose -14*c - 64 + 386 = 0. What is the remainder when 67 is divided by c?
21
Let g be (2 - 1) + -2 + -1. Suppose 0 = -2*z, 92*z - 89*z = w - 14. Calculate the remainder when g/((-2)/108*2) is divided by w.
12
Suppose -2*o = -s + 1 - 4, -s + 2 = 3*o. Suppose 2*v + o = -b + 92, -3*v = -3. Calculate the remainder when b is divided by 13.
11
Calculate the remainder when 106 is divided by 1 + 33 - (8 - 10).
34
Let l(i) = i**2 + 12*i + 12. Let w be l(-11). Let x be w - (6/(-2) - 17). Suppose 4*p - x = 31. Calculate the remainder when 51 is divided by p.
12
Let k = -438 + 608. Calculate the remainder when k is divided by 36.
26
Let s(w) be the second derivative of w**4/12 - w**3/6 + 3*w**2/2 - 2*w. Calculate the remainder when s(-8) is divided by -7 + (-132)/11 + 38.
18
Suppose 3*r + 0*r = 228. Suppose -2*k = -3*g - r, -144 = -4*k - 0*k + 2*g. Suppose 6*u + 12 = 7*u. What is the remainder when k is divided by u?
11
Let j(g) = g + 22. Let k be j(12). Calculate the remainder when 42 is divided by 3*10/(-15) - k/(-2).
12
Let i be 2 + -3 + (-78)/3. What is the remainder when -3 + 2 - (i + -1) is divided by 15?
12
Let g(d) = -d**3 + 64*d**2 + 131*d + 79. What is the remainder when 51 is divided by g(66)?
12
Let z = -174 - -299. Calculate the remainder when z is divided by 12.
5
Let v be (-8)/(-36) - 68/(-18). Let p(i) = 53*i + 8. Let j be p(v). Suppose 7*d - j = 2*d. What is the remainder when d is divided by 23?
21
Suppose -k + 44 = 2*l + 3*k, -5*l + 2*k = -50. Let p(f) = f**3 + 3*f**2 - 4*f + 4. What is the remainder 